 2225 + -2134. Calculate the remainder when h is divided by 49.
42
Let h(w) = 6*w + 8. Let l(q) = -8*q + 15. Let f be l(-5). Suppose f = 7*u - 2*u. What is the remainder when h(2) is divided by u?
9
Suppose -2*y = -13 - 29. Let b(a) = -8*a - 55. Let o be b(-13). Let n = o + 34. What is the remainder when n is divided by y?
20
What is the remainder when 4965 is divided by 640/1600 - (-176)/10?
15
Let q = -32 - -22. Let h be 0/((-5)/q*-2). Suppose 5*m - 30 = -x, -5*x + 5*m + 60 = -h*m. What is the remainder when 28 is divided by x?
13
Let c(m) = -9*m - 77. Suppose 26*d - 48*d - 198 = 0. Calculate the remainder when c(d) is divided by ((-6)/4)/(2/(-4)).
1
Suppose 17*f = 2363 + 544. Calculate the remainder when 868 is divided by f.
13
Let s = -1951 - -3142. Suppose 49*a = 83 + s. Suppose 0 = -5*d - 2*j + 66, -j - 3*j - 8 = 0. What is the remainder when a is divided by d?
12
Let s = -643 - -646. Suppose s*o - 90 = -4*q, 3*o + 100 = 4*q + o. Calculate the remainder when 64 is divided by q.
16
What is the remainder when 438 is divided by -14*(-279)/66 + (399/(-77) - -5)?
25
Let j(p) = p**2 + 1. Let h(w) = -5*w - 5*w**2 + 4*w - 65*w**3 + 25 + 66*w**3. Let u(d) = -h(d) + 3*j(d). What is the remainder when u(7) is divided by 7?
6
Let h be (-100)/(-22) - 156/286. Suppose 0 = -h*t + 5*s + 205, 4*t + 0*t - 217 = s. What is the remainder when 61 is divided by t?
6
Let c(k) = k**2 - 3*k - 6. Suppose -2*s + 12 = -222. Calculate the remainder when c(7) is divided by (-13)/s + (-82)/(-9).
4
Suppose 3*o + 73 = 4*n - 73, 0 = n + 2*o - 31. Suppose -3*m + n = -10. Let r = -22 + 49. Calculate the remainder when r is divided by m.
12
Suppose 667*q = -12227 + 146961. Calculate the remainder when 675 is divided by q.
69
Suppose 0 = 4*l - 5*x - 814, -3*l + 2*x + 595 = 6*x. Suppose -361 = -10*n - l. What is the remainder when 174 is divided by n?
14
Suppose -15*q = -4*q - 649. Let i(l) = -67*l + 879. Calculate the remainder when q is divided by i(13).
3
Let g(y) = 6*y**3 - y**2 - 36*y + 70. Let a = 1924 + -1130. Calculate the remainder when a is divided by g(2).
38
What is the remainder when 2133 is divided by (-180)/(-210) - (-736)/56?
5
Suppose 0 = -7*p + 587 + 848. Suppose 432 = p*u - 197*u. Calculate the remainder when u is divided by 19.
16
Let l(k) = -6*k**3 + 2*k**2 + 12*k + 40. Let f(m) = m**2 + 2*m - 39. Let v be f(5). Calculate the remainder when l(v) is divided by 10.
8
Suppose -2*w = -2*g + 2, -g + 14 = -5*w + g. Calculate the remainder when 39 is divided by (-3)/72*w - 137/(-6).
16
Let j = -5533 + 5782. Calculate the remainder when 282 is divided by j.
33
Suppose -2*d - 2*n = -n - 173, -4*d = -2*n - 326. Let w(g) = 11*g - 6. Let l be w(-7). Let v = d + l. What is the remainder when v is divided by 1?
0
Let z(v) = 60*v**3 + 602*v**2 + 26*v + 79. Suppose -3*k + k = 2*x - 96, x = -3*k + 38. What is the remainder when x is divided by z(-10)?
15
Let w(z) be the first derivative of -z**3/3 - 6*z**2 - 4*z - 184. Let a be (-5)/(-2)*-2*1. What is the remainder when 120 is divided by w(a)?
27
Suppose 2*d = -k - 8, 10 = d + 6. Let v(r) = 13*r. Let a be v(-1). Let j = a - k. What is the remainder when 10 is divided by j?
1
Let h be 9022/117 - 2/18. Suppose 79*r - h*r - 28 = 0. What is the remainder when 220 is divided by r?
10
Let q = 12 - 1. Suppose 4*s + 3*u + 0 - 3 = 0, -2*s + 3 = 3*u. Suppose 13 = 2*x - 0*x - 5*r, s = 5*x - r - 21. Calculate the remainder when q is divided by x.
3
Calculate the remainder when 3229 is divided by (-61)/((0 + -4)*(-15)/(-10) - -5).
57
Let j(x) = -8 - 4*x + 16*x**2 + 13*x - 9 + x**3 - 11*x. Calculate the remainder when 479 is divided by j(-16).
14
Let q = -29174 - -29559. What is the remainder when 1165 is divided by q?
10
Suppose -345*s - 2*g = -341*s - 192, -8 = -2*g. Let h = -13 - -45. Calculate the remainder when s is divided by h.
14
Let y(j) = -43*j + 24. Let o be y(-10). Suppose o + 494 = 3*u. Suppose 0 = 9*h - 53 - u. Calculate the remainder when h is divided by 14.
13
Suppose -k - 6*w + 579 = 0, 0 = -12*k + 16*k - 5*w - 2461. Calculate the remainder when k is divided by 201.
6
Suppose -2*h - 4*l = -100, -85 = -2*h - 0*l + l. Suppose 5*r + 0*w + w - 43 = 0, 4*r - 4*w = h. Calculate the remainder when r is divided by 78/14 + 3/7.
3
Let y = -25 - -51. Suppose -273 = 5*i + 5*t + 442, -5*i - 3*t = 711. Let b = i + 242. Calculate the remainder when b is divided by y.
23
Let i = -55 + 60. Suppose -i*y + 2*u + 150 = 3*u, 2*u = 0. What is the remainder when 19 is divided by 340/y + 12/(-9)?
9
Let c = -110 + 154. Let u = 80 - c. Suppose 5*x - 156 = -r, 3*x = 2*x - 5*r + u. What is the remainder when 61 is divided by x?
30
Suppose -2*x - 89*b + 94*b = -84, -4*x + 128 = -5*b. Calculate the remainder when 31194 is divided by x.
20
Let u(p) = -p**3 - 12*p**2 + 3*p + 38. Let j be u(-12). What is the remainder when (-108)/(-48)*80/3 is divided by j - 4 - (-1 - (-24)/(-3))?
4
Suppose 2*y + 22 = 4*u, 5*u = -3*y + 28 + 27. Suppose -2*g - 16 = 4*r, -r - 5*g - u = 5. Let v = 8 + r. What is the remainder when 23 is divided by v?
3
Suppose -1635*f + 1640*f + 5*g - 170 = 0, 3*g + 90 = 3*f. Let v = 1204 - 853. What is the remainder when v is divided by f?
31
Suppose -60*p + 1320 = -55*p. Suppose 0 = -3*z - 30*z + p. Calculate the remainder when 39 is divided by z.
7
Let q(r) = -r**3 + 9*r**2 + r - 2. Suppose -5*j + 15 = 0, 2*p - 2*j + 24 = 4*p. Suppose 62*i + 66 = 84*i. Calculate the remainder when q(p) is divided by i.
1
Let d = 18976 - 17784. What is the remainder when d is divided by 2?
0
Let o = -5 + 63. Let u = -4957 - -4985. What is the remainder when o is divided by u?
2
Let b(y) = y**2 + 139*y + 3563. Let q(v) = 6*v**2 - 1. Let r be q(4). Suppose 5*c - r = 15. Calculate the remainder when b(-106) is divided by c.
21
Let x(g) = 62*g + 1386. What is the remainder when x(-18) is divided by 39?
36
Suppose -510 = 8*y - 38*y. Let f(z) be the first derivative of z**3/3 + 4*z**2 + 4*z + 7. Calculate the remainder when y is divided by f(-8).
1
Let i = -656885 - -656921. What is the remainder when (-6)/(-4)*(-3160)/(-6) is divided by i?
34
Let l(f) = -22*f + 1210. What is the remainder when 259 is divided by l(49)?
127
Suppose -q - 4 = 4*b, 270*q + 3*b + 164 = 275*q. Let j(d) = -d**3 + 3*d**2 + 3*d + 3. Calculate the remainder when q is divided by j(3).
4
Suppose -13*t + 287 = -10*t + 2*v, -t = v - 96. Let a = t + -11. What is the remainder when a is divided by 8?
4
Let r(k) = 2*k**3 - 52*k**2 - 8*k - 33. Calculate the remainder when r(27) is divided by 15.
9
Let h(s) = 6*s**2 + 108*s - 643. What is the remainder when 1333 is divided by h(6)?
7
Suppose -7*g - 32 = 45. Let x = 20 + g. What is the remainder when 35 is divided by x?
8
Let g(q) = 14*q**2 - 11*q + 26. Let i(r) = -5*r**2 + 4*r - 9. Let f(u) = 4*g(u) + 11*i(u). Calculate the remainder when 17 is divided by f(-3).
3
Let y(g) = g**2 - 10*g - 85. Let b be y(29). Let l = b + -444. Calculate the remainder when 527 is divided by l.
21
Let g = -5157 + 5187. What is the remainder when 625 is divided by g?
25
Suppose 279 - 278 = f. Let b(i) = -19*i - 1. Let q be b(1). Let c = f - q. Calculate the remainder when 83 is divided by c.
20
Suppose -5*i = -185 + 165. Let s(d) = 2*d**2 + 2 + 3*d**2 + d + 3*d**2 - d**3 + 0*d**2. Calculate the remainder when s(8) is divided by i.
2
Let k(d) = -2*d**2 + 27*d - 20. Let f(q) = q**2 - 1. Let c(a) = -3*f(a) - k(a). Let x be c(-19). Let h = x + -88. What is the remainder when h is divided by 11?
10
Calculate the remainder when (-35)/(-25) + -5 + 508/5 is divided by 35.
28
Suppose -4*w = -3*w - 43. Suppose 45*c = w*c + 14. Calculate the remainder when 53 is divided by c.
4
Let f = -31 - -73. Suppose -f*r + 82*r = 9080. What is the remainder when r is divided by 21?
17
Let d be 62/8 - ((-20)/16 + 1). Suppose -z + d + 7 = 0. Suppose 2*j = 4*i + 3*j - 109, 28 = i + j. Calculate the remainder when i is divided by z.
12
What is the remainder when 81 is divided by 2 - 8 - (-39)/((189/(-28))/(-9))?
35
Let s(u) = -u**3 + 7*u**2 + 9*u - 8. Let z be s(8). Suppose -l - 4*t + 46 = -z*t, 5*l - 211 = -t. Calculate the remainder when 118 is divided by l.
34
Let h = 3412 - 3344. What is the remainder when h is divided by 3?
2
Suppose 100*x - 163718 - 47203 = -67*x. Calculate the r